Let s(c) = 1 + 7*c - 20*c + c**3 + 8*c. Let w(n) = 3*r(n) + 4*s(n). What is w(-4)?
5
Let c = -2 - -2. Suppose -4*m = -c*m - 20. Let k(a) = -a. Let h(x) = 4*x + 2. Let i(j) = h(j) + 3*k(j). Determine i(m).
7
Let l be ((-5)/(-2))/5*16/2. Suppose -c - 5 = -0*c, c + 13 = -l*o. Let i(a) = -a - 8*a - a**2 + 6*a. What is i(o)?
2
Let y = -3 - -2. Let f(v) = 387 - 10*v**2 + v + 386 - 773. Give f(y).
-11
Let k(a) = -30 + 2*a - 32 - 1 + 14 + a. Calculate k(17).
2
Let s(h) be the third derivative of h**4/24 - h**3/3 - h**2. Let n be ((-24)/9)/(5/(-3) - -1). Suppose p + 18 = 5*x, -n*p + 1 = x - 11. Calculate s(x).
2
Let d(s) = -2*s**2 - 2 - 163*s + 346*s - 169*s - 12. Calculate d(5).
6
Let j(r) be the first derivative of r**3/3 + 3*r**2/2 + 4*r - 81. Determine j(-4).
8
Let o(j) be the first derivative of -j**4/4 - 2*j**3 + 4*j**2 + 10*j + 35. Determine o(-4).
-54
Suppose 3*y - 5 + 24 = 5*s, -4*y = 12. Let i(n) = 0*n**2 - s + 0 + 4*n + n**2. Determine i(-3).
-5
Let h(n) be the third derivative of -15*n**2 - 1/24*n**4 + 0*n - 1/24*n**6 - 1/6*n**3 + 0 + 1/60*n**5. Determine h(-1).
6
Let k(o) = 6*o**2 + o. Let w(x) = 17*x**2 - 17*x - 29. Let c(d) = -3*k(d) + w(d). Determine c(-18).
7
Let l = 23 + -22. Suppose i - l = -0*i. Let a(x) = -4*x - 4 + x**3 + 5*x**2 + 0*x - 2*x**2 + i. What is a(-3)?
9
Let a(d) = d - 1. Let k = 31 + -26. Suppose -k*r = -v + 35, r + 2*r + 39 = -3*v. Let n be r/10*35/(-14). Give a(n).
1
Let b(t) = -t**3 + 11*t**2 + t - 7. Let j be 5 - 4 - (-4 + 3). Suppose 6*i = j*i + 5*y + 49, 0 = -5*i + y + 56. Calculate b(i).
4
Suppose 2*f + f - 6 = 0. Let v(o) be the third derivative of 1/6*o**3 + 0 + 1/60*o**5 - 1/6*o**4 + 0*o - 27*o**2. What is v(f)?
-3
Let z(k) = -6*k**2 + 95*k + 4 + 1 + k**3 - 187*k + 97*k. Determine z(5).
5
Let c be ((-4)/(-12))/((-2)/6). Let z be 0/c - (-3)/(-3). Let d(u) = u**3 + 2*u**2 + 2*u + 1. What is d(z)?
0
Let q(p) = -p + 1. Let x(d) = -d**2 - 5*d + 7. Let i be x(-5). Let m(u) = -3*u**2 + 4*u**2 - i - 4*u + 3*u. Let l(y) = m(y) + 4*q(y). Determine l(5).
-3
Let z = -561 + 561. Let v(l) be the third derivative of 1/24*l**4 + l**2 - 13/6*l**3 + z + 0*l. Determine v(0).
-13
Let v = 5 + -2. Let d(f) = -4*f**2 + 5*f + 1. Let k(h) = -5*h**2 + 7*h. Let c(z) = 4*d(z) - 3*k(z). Determine c(v).
-8
Let u(b) = -4*b**2 - 6*b**2 - 8*b**2 + 4 - 16*b**2 + 31*b**2 - b**3. Suppose 0 = 4*p - 10 - 10. Suppose 3*t + h + 8 - 2 = 0, 5*t + p*h = 0. Determine u(t).
4
Suppose s = 4*p - 10, -4*s = -6*p + 3*p + 1. Let w be 2*-3*s/(-4). Let g(y) = -1 + 2 + 4*y**2 + y**w - 6. Determine g(-4).
-5
Let j(p) be the third derivative of -p**6/120 + p**4/8 - p**3/2 + 26*p**2. Let n(q) = -q**2 + 17*q - 14. Let i be n(16). Give j(i).
-5
Let n(m) be the second derivative of m**4/12 + 5*m**3/3 + 3*m**2 + 3*m - 3. Suppose -5*s = 11 + 19. What is n(s)?
-18
Let f(z) = -7*z**2 + 5 + z + 24*z**3 + 27*z**3 + 36*z**3 - 86*z**3. Calculate f(5).
-40
Let p(f) be the second derivative of 2*f**2 + 0 - 1/6*f**3 - 5*f - 1/12*f**4. Calculate p(-3).
-2
Let d(v) be the first derivative of -5/2*v**2 + 3 + 1/3*v**3 + v. Let b(i) = -i**2 + 10*i + 2. Let q be b(10). Calculate d(q).
-5
Let v(x) be the third derivative of x**5/10 + x**3/6 + x**2. Let s(t) = 7*t**2 + 1. Let y(d) = 4*s(d) - 5*v(d). Give y(2).
-9
Suppose -3*k + h - 3563 = -8*k, k = -4*h + 705. Let f(w) = -713*w + k*w - 2 + w**2. Let r(a) = -a + 3. Let s be r(0). What is f(s)?
7
Let k(w) = -w - 5. Let t(y) be the second derivative of -y**5/20 - 5*y**4/6 + 5*y**3/3 - 15*y**2/2 + 5*y. Let c be t(-11). Give k(c).
-1
Let h(k) be the first derivative of -7*k**2 - k - 201. Determine h(2).
-29
Suppose 3*d - 43 = -58. Let m(b) = b**3 + 4*b**2 - 2*b - 6. Determine m(d).
-21
Let t(b) be the third derivative of -b**4/24 - b**3/3 - 15*b**2. Let s(i) = -i**3 - i**2 + 2*i + 1. Let g be s(-1). Let q = 1 + g. Give t(q).
-2
Suppose -4*b - 5*y = -8, 3*y - 10 = 2*b + 2*y. Let c(p) = 6*p + 11. Let x be c(b). Let w(u) = u**2 + 8*u - 1. What is w(x)?
-8
Let a(h) be the third derivative of 0 + 0*h + h**2 + 1/120*h**5 + 2/3*h**3 + 5/24*h**4 + 1/360*h**6. Let w(s) be the first derivative of a(s). Give w(0).
5
Let t(z) = -2*z**2 + 4*z**2 - 3*z**2 - 5*z. Let r = -71 + 67. Let s be t(r). Let l(k) = k**3 - 4*k**2 + 3. What is l(s)?
3
Let k(t) = -5*t**2 + 8*t - 1. Let w(s) be the first derivative of -5*s**3 + 23*s**2/2 - 2*s - 51. Let a(c) = 11*k(c) - 4*w(c). What is a(-2)?
25
Let f = -775 - -774. Let b(m) = 18*m**3 - m**2 + m + 1. What is b(f)?
-19
Let q(h) = 13 - 4*h - 36 + 1 + 5*h. Calculate q(7).
-15
Let s(n) = -11*n**3 - 4. Let o(y) = 2*y**3 + 1. Let k(i) = -5*o(i) - s(i). What is k(0)?
-1
Let g(f) be the first derivative of f**2/2 + 3*f - 2. Suppose 11*j - 8*j = -108. Let u = -36 - j. Calculate g(u).
3
Let b(g) = -13*g**3 - g**2. Let q = -31 - -32. Suppose 3 = 2*c + q. What is b(c)?
-14
Let g = 177 - 177. Let m(u) = u**2 + u - 22. Give m(g).
-22
Let p(u) = -1. Let w(o) = -7*o + 1. Let k(f) = 2*p(f) + w(f). Suppose -2 - 10 = 3*i. Let a be (9/(-18))/(2/i). Calculate k(a).
-8
Let u(z) be the second derivative of -z**4/12 - 3*z**3/2 - 11*z**2 - 9*z - 16. Calculate u(-9).
-22
Let c(j) = j**3 + 7*j**2 + 7*j. Let u(b) = 0*b**3 + 3*b + 2*b**3 + 2*b**3 - 2*b. Let a be u(-1). What is c(a)?
15
Let g(b) = -8*b**2 - 13*b + 14. Let l be g(1). Let a(q) = -q**3 - 6*q**2 + 4*q - 4. Determine a(l).
17
Let i(p) = 14*p - 11. Let r(c) = -11*c + 10. Let l(d) = -3*i(d) - 4*r(d). Calculate l(12).
17
Let t(s) = 4*s**2 - 3*s + 1. Let k be t(2). Let j(l) = l**3 + 5*l**2 + 2*l - 6. Let w be j(-3). Let g(r) = r**2 + w - 3*r + k*r - 1. What is g(-5)?
-10
Let i(c) = c**3 - 10*c**2 - c + 10. Let z be i(10). Let j(n) = 2 - 3*n**2 + z*n - 4*n + 5*n**2. Give j(2).
2
Suppose -b + f + 2 = -3*f, -f - 2 = -b. Suppose -s = b*a, -24 = s - 0*a - 4*a. Let r(j) = j**2 + 6*j - 10. Give r(s).
6
Let r(x) = -x - 11. Let l(o) = 2*o + 23. Let k(i) = 6*l(i) + 13*r(i). Calculate k(-5).
0
Let o(d) = -d**2 + 3*d - 1. Let k(i) = i + 3. Let y be k(-5). Let x(a) = -2*a**2 + 5*a - 1. Let b(l) = y*x(l) + 5*o(l). Calculate b(3).
3
Let a(d) = 12*d**3 - d**2 + 1. Let q be -1 + 8/12*3. Let t be a(q). Let o(w) = -4*w - w - 8 + t + 6*w. Give o(0).
4
Let x(t) = t**3 + 3*t**2 - t - 2. Let w = -6 - -40. Let d(s) = s**2 - 12*s + 3. Let v be d(10). Let i be (-3 - 1)/(w/v). What is x(i)?
16
Let r(j) = 3*j - 17. Suppose 7*g - 394 = -303. Determine r(g).
22
Let a(u) = 3 - 14948*u + 14950*u + 1. Let i = -2 + -4. Determine a(i).
-8
Let j be (-1)/(1 - 0)*-3. Suppose 0*x - y - 58 = -3*x, 0 = -x + 5*y + 24. Let s(t) = 9*t - 4*t - x + 17. Determine s(j).
13
Suppose i + 5*b = 5, -b - 7 + 2 = -i. Let y(f) = -f**2 + 4*f - 2. Let o be y(3). Suppose 0 = c + i - o, -4*p = -c. Let x(h) = -h. Determine x(p).
1
Let m(u) = u - 4. Let p = 44 + -34. Suppose -5*r + 2*v + 19 = -p, -r = 3*v + 1. Give m(r).
1
Let n(p) = p**2 - 11*p - 1. Let u(a) = -4*a**2 + 29*a + 4. Let y(h) = 8*n(h) + 3*u(h). Determine y(3).
-35
Suppose -4*i + 41 = -231. Let z(n) = -72*n - 2 - 2 + 3 + i*n. What is z(1)?
-5
Let k(b) = 14*b. Let q = -41 - -47. Suppose 0 = q*d - d - 3*p + 30, 4*d + 4*p + 24 = 0. Let i be -1 + 0*2/d. What is k(i)?
-14
Suppose 0 = -3*f - 3*f + 1176. Let n(o) = -196*o**2 - o**3 + 10 + f*o**2. Suppose 5*a - 6 = 5*c + 9, 3 = 5*c + a. Calculate n(c).
10
Suppose 3*b + 0*b + 3 = 0. Let h(d) = -d**3 - 6*d**2 - 11*d + 5. Let s(t) = t**2 + 2*t - 1. Let w(o) = h(o) + 5*s(o). Calculate w(b).
1
Let l = 3 + 0. Let i(a) be the first derivative of a**4/12 - a**3/6 + a**2/2 + 6*a - 9. Let b(k) be the second derivative of i(k). Give b(l).
5
Let m(j) = -j**3 + 3*j**2 - 2*j - 1. Let o(b) = b**2 + 5*b - 4. Let y be o(-6). Suppose 5*c = 6*c - y. Give m(c).
-1
Let h(y) = -1 + 5*y + 0*y - 2*y. Let i(x) = 6*x - 4. Let w(b) = -b + 1. Let d(q) = -i(q) - 2*w(q). Let z(u) = -4*d(u) - 5*h(u). Determine z(3).
0
Suppose g = -g. Suppose g*j = 3*d - j, 5*d = -j - 8. Let n(u) = u + 2. What is n(d)?
1
Let p be ((-96)/(-60))/(4/(-10)) + 7. Let q(o) = -4*o - 4*o + 2*o**2 + 17*o - 1 - 8*o - o**p. Determine q(1).
1
Suppose -p - 3*p = -2*a - 16, -4*a = -3*p + 22. Let d(o) be the first derivative of 7 - 3 + o**p + 3 - 2 + 7*o. Determine d(-6).
-5
Let n = 3 - -14. Let u(h) = -n*h**2 + 10*h**2 + 8*h**2 - 1 - 6*h + 0. Determine u(5).
-6
Let l(o) = -o. Let j(b) = -b**2 + 2*b + 5